
Calculate the remainder when 176 is divided by (9 + 336/(-35))*-20.
8
Let o be (12/9)/((-2)/(-12)). Let s(a) = -a**3 + 8*a**2 + a - 5. Let i be s(o). Suppose i*v = 5*v - 30. What is the remainder when 44 is divided by v?
14
Let i(z) = 2*z**3 + 22*z**2 + 10. Calculate the remainder when 99 is divided by i(-11).
9
Suppose -x = 5*s - 2*x - 32, -2*s - 3*x = -23. Let v = 13 - s. Suppose 3*k + v = 6*k. Calculate the remainder when 6 is divided by k.
0
Suppose 5*d = 4 + 6. Suppose 0 = 4*h - t - 449, -d*h + 3*h - 3*t - 104 = 0. Suppose 0 = 4*a + 2*a - 174. What is the remainder when h is divided by a?
26
Suppose y = -3*s - 8, y - s - 4 = 4. Suppose -y*w + 13 + 7 = 0. Suppose 0 = 4*t - w*h - 35, t + 2*h + 5 = 2*t. What is the remainder when 28 is divided by t?
13
Let b = 623 - 318. Suppose -4*l + b = -203. Suppose 5*h - l = -g, -2*h - 4*g + 58 = -0*g. Calculate the remainder when h is divided by 7.
4
Suppose 144 = 4*y - 12. Suppose -45 = -5*d + 155. Suppose -10*u = -8*u - d. What is the remainder when y is divided by u?
19
Suppose c = 2*c - 20. Let f be 140/(-2) - 9/(-3). Let n = -61 - f. What is the remainder when c is divided by n?
2
Let l(d) = 5*d**2 - 4*d + 12. Calculate the remainder when 79 is divided by l(3).
34
Let c(g) = -g - 5. Let s be (-1)/((-2)/8 - 8/(-24)). Calculate the remainder when 18 is divided by c(s).
4
Let c(f) = -14*f**3 - 3*f**2 + f + 4. What is the remainder when c(-2) is divided by 31?
9
What is the remainder when (-20)/(-6)*3/2 - -158 is divided by 33?
31
Suppose 36*q = -73*q + 2725. Suppose -2*j + 157 = 21. What is the remainder when j is divided by q?
18
Let s(h) = h**2 + 5*h - 27. Calculate the remainder when 69 is divided by s(-9).
6
Let q(u) = u**2 - 11*u - 5. Let z = -35 - -48. What is the remainder when 83 is divided by q(z)?
20
Suppose -44*o + 771 = -55 - 582. Let v = -15 - -30. Calculate the remainder when o is divided by v.
2
Let d = 345 + -309. What is the remainder when 69 is divided by d?
33
What is the remainder when 122 is divided by 190/(-6 - 4)*-1?
8
Suppose 4*j = 5*c + 82, -24*j + 20*j = -2*c - 76. What is the remainder when 65 is divided by j?
11
Suppose -4*w - 98 = -2*x, -8*x + 10*x = w + 104. What is the remainder when 207 is divided by x?
48
Let l = 706 + -633. What is the remainder when 253 is divided by l?
34
Suppose -3*y + z + 22 = -y, -4*z = 4*y - 68. Suppose -y*s + 14*s = 47. Calculate the remainder when s is divided by 16.
15
Let x = 3273 - 3248. What is the remainder when 489 is divided by x?
14
Let m be 23/5 - 4/(-10). Suppose -2*k = -2*i - 88, m*k - i + 4*i = 212. Calculate the remainder when k is divided by 11.
10
Let i = 754 + -433. Calculate the remainder when i is divided by (1 + 67/2)/((-18)/(-24)).
45
Let z(s) = -s**2 - 13*s - 14. Let y(k) = k**2 + k + 1. Let h(c) = -2*y(c) - z(c). Calculate the remainder when h(9) is divided by 4.
2
Let w = -662 + 743. What is the remainder when w is divided by 29?
23
Let q(l) = -2*l**3 - 7*l**2 - 5*l - 4. Let b be (18/(-15))/((-3)/(-10)). What is the remainder when 93 is divided by q(b)?
29
Let k be (5 - 4)/((-1)/(-7)). Let q(z) = z - k + 2 + 7*z. Calculate the remainder when q(3) is divided by 11.
8
Let b(t) = 17*t + 1143. Calculate the remainder when b(-48) is divided by 37.
31
Let u(z) = -3*z**3 - 3*z**2 + 8*z + 12. Let p(w) = -w**3 + 6*w**2 - w - 5. What is the remainder when u(-3) is divided by p(5)?
12
Suppose 9*i + 5*t = 4*i - 30, 0 = 5*t + 5. What is the remainder when 4 + 24 + (i - -3) is divided by 16?
10
Let r(s) be the third derivative of s**5/10 + s**4/12 - s**3/3 + 65*s**2. Let v = 9 - 6. Calculate the remainder when r(v) is divided by 12.
10
Let f = -9 - -13. Calculate the remainder when 96 is divided by -5*29/(-5) + f/1.
30
Let u(a) = 79*a**2 - 2*a - 1. Let f be u(-1). Suppose 4*t - 3*k - f = k, -3*k = -t + 28. What is the remainder when 28 is divided by t?
12
Suppose 3*l = -0*t - 2*t + 110, -4*t + 204 = 2*l. Calculate the remainder when 2252 is divided by t.
47
Let r be 68/20 + (-8)/20. Suppose 0 = r*f + f - 84. Calculate the remainder when f is divided by 7.
0
Let k(c) = c**3 - 11*c**2 - 6*c - 35. Calculate the remainder when 443 is divided by k(12).
36
Suppose -14 = -2*k - 4*t + 6*t, 0 = -2*t - 6. What is the remainder when 6 is divided by k?
2
Let x be 2 + -4 + 0/(-3). Let i = 351 - 343. What is the remainder when i is divided by 1/((x/(-3))/2)?
2
Let y(q) = -q**3 - 8*q**2 - 2*q + 38. Calculate the remainder when 3 is divided by y(-7).
0
Let j(y) = 3*y**3 + 35*y**2 - 13*y - 1. Calculate the remainder when 98 is divided by j(-12).
10
What is the remainder when 65 is divided by -21 + 25 - (-5)/1?
2
Suppose 67*h = -4269 + 19210. Calculate the remainder when h is divided by 19.
14
Suppose 3*x - 4*n = 974, -2*n + 3*n = -3*x + 964. What is the remainder when x is divided by 13?
10
Let n = -19 + 27. Let i be (n/10)/((-2)/100). Let m = 60 + i. What is the remainder when m is divided by 11?
9
Suppose r = 4*r + 4*p - 102, 5*r - 4*p - 138 = 0. Suppose 2*w - 4*w + r = 0. What is the remainder when 26 is divided by (6/w)/(2/70)?
12
Let r(x) = -x**3 + 6*x**2 + 5*x + 4. Calculate the remainder when r(-6) is divided by 12.
10
Let l(j) = 2*j**2 - 13*j + 1. What is the remainder when 245 is divided by l(7)?
5
Let g be (60/(-80))/((-2)/16). Suppose 8*b - g*b = -3*c + 31, -5*c + 3*b + 77 = 0. What is the remainder when 88 is divided by c?
10
Let w = -1997 - -2024. Calculate the remainder when 74 is divided by w.
20
Let b be 1 + (-9)/(5 - 8). Suppose 0 = -16*h + b*h + 948. What is the remainder when h is divided by 16?
15
Let d = 416 + -355. What is the remainder when 300 is divided by d?
56
Suppose -34*w + 630 = -322. Calculate the remainder when w is divided by 15.
13
Suppose 3*f - 79 = -4*n, -5*n = -2*f - 2*f + 64. Suppose -28 = -4*k + 100. What is the remainder when 160/6*72/k is divided by f?
18
Let j(x) = -4*x**2 - 2*x. Let c be j(-1). Let b(z) = 14*z**2 + 2*z + 4. What is the remainder when b(c) is divided by 29?
27
Let i be 4*(2/(-11) + (-7)/22). Calculate the remainder when 20 is divided by i/((-7)/(147/6)).
6
What is the remainder when 57 is divided by 2*2*5/(-15)*-30?
17
Let z be 0*(-2)/(-6) - -16. Suppose -10*n - 216 = -z*n. Calculate the remainder when 67 is divided by n.
31
Suppose -3*m - 16 - 40 = -5*x, -m = -4*x + 42. What is the remainder when 23 is divided by x?
3
Let c = 23 + 7. Let q be (c/25)/((-4)/(-130)). Suppose 4*n = q + 69. What is the remainder when 106 is divided by n?
25
Suppose -3*c + 7*c = 144. Calculate the remainder when (-2)/(-8) - (-279)/c is divided by 3.
2
Suppose -c + 4*m = -13, 243*c - 241*c - 33 = m. Suppose 3*r = -0*r + 18. Calculate the remainder when c is divided by r.
5
Suppose -47*l - 152 = -51*l. What is the remainder when 148 is divided by l?
34
Suppose 40*z - 14*z - 494 = 0. What is the remainder when z is divided by 10?
9
Let n = 102 - 85. What is the remainder when 46 is divided by n?
12
Let z(x) = 31*x**2 + 2*x + 3. Suppose 5*t - 43 = 2*g, -8 - 2 = -2*t. What is the remainder when z(-2) is divided by (g/6)/(1/(-28))?
39
Calculate the remainder when 114 is divided by 548/39 - (-166)/(-3237).
2
Let a = -42 - -61. Let d = 34 + -98. Let g = -59 - d. Calculate the remainder when a is divided by g.
4
Let p = 218 + -210. What is the remainder when 23 is divided by p?
7
Let l(t) = -t**2 - 22*t - 40. Suppose k - 18 - 45 = 0. What is the remainder when k is divided by l(-19)?
12
Let k(s) = -3*s**2 - 10*s - 1. Let b be k(-3). Suppose -5*f = -y + 78, b*y - 7*f + 8*f - 167 = 0. Calculate the remainder when y is divided by 12.
11
Let j = -44 + 54. Let t(n) = -n**3 + 9*n**2 + 12*n + 9. Calculate the remainder when t(j) is divided by 15.
14
Let v(n) be the first derivative of 3*n**4/4 + n**3/3 + n**2 - 2*n - 15. What is the remainder when 12 is divided by v(1)?
0
Let q = -546 + 650. What is the remainder when q is divided by 31?
11
Let i(c) = -c**3 - 16*c**2 - 18*c - 36. Let l(n) = -3*n - 4. Let v be l(-4). What is the remainder when (v/10)/((-1)/(-65)) is divided by i(-15)?
7
Let p be (3/(-1))/(1/(-6)). Let s = -3 + p. Let u(h) = -h**2 + 10*h - 16. Calculate the remainder when s is divided by u(5).
6
Let j = 60 + -32. Let r = j - 23. Calculate the remainder when 8 is divided by r.
3
Suppose 301*f = 273*f + 5068. C